 3, 31, 2677
What are the prime factors of 2989356?
2, 3, 23, 10831
List the prime factors of 1588137.
3, 79, 6701
List the prime factors of 130354.
2, 7, 9311
What are the prime factors of 2112053?
2112053
What are the prime factors of 14712505?
5, 1543, 1907
What are the prime factors of 445225?
5, 11, 1619
What are the prime factors of 7661349?
3, 851261
List the prime factors of 2698833.
3, 899611
List the prime factors of 920431.
17, 29, 1867
What are the prime factors of 4702923?
3, 181, 2887
What are the prime factors of 145642?
2, 7, 101, 103
List the prime factors of 400757.
7, 57251
List the prime factors of 315435.
3, 5, 17, 1237
List the prime factors of 29781843.
3, 7, 13, 43, 59
What are the prime factors of 168638?
2, 84319
List the prime factors of 371795.
5, 23, 53, 61
What are the prime factors of 1390575?
3, 5, 18541
What are the prime factors of 1251902?
2, 43, 14557
List the prime factors of 406452.
2, 3, 33871
List the prime factors of 11198494.
2, 37, 41, 3691
What are the prime factors of 3869775?
3, 5, 7, 13
What are the prime factors of 10995316?
2, 2748829
List the prime factors of 66281.
79, 839
What are the prime factors of 369704?
2, 37, 1249
List the prime factors of 103477.
11, 23, 409
List the prime factors of 10360120.
2, 5, 23, 11261
List the prime factors of 1255683.
3, 11, 13, 2927
What are the prime factors of 183786?
2, 3, 30631
List the prime factors of 7228259.
41, 176299
What are the prime factors of 12287334?
2, 3, 449, 4561
What are the prime factors of 345992?
2, 61, 709
What are the prime factors of 148214?
2, 11, 6737
What are the prime factors of 349717?
349717
What are the prime factors of 3368818?
2, 1684409
What are the prime factors of 435223?
435223
What are the prime factors of 30882?
2, 3, 5147
List the prime factors of 6526210.
2, 5, 652621
What are the prime factors of 598497?
3, 199499
What are the prime factors of 446997?
3, 37, 4027
What are the prime factors of 1462728?
2, 3, 59, 1033
List the prime factors of 392840.
2, 5, 7, 23, 61
List the prime factors of 86381.
86381
List the prime factors of 397491.
3, 37, 3581
List the prime factors of 260331.
3, 107, 811
What are the prime factors of 782801?
613, 1277
What are the prime factors of 4312?
2, 7, 11
List the prime factors of 373169.
103, 3623
What are the prime factors of 7979311?
107, 74573
List the prime factors of 12053063.
11, 1095733
What are the prime factors of 7744208?
2, 431, 1123
What are the prime factors of 144739?
7, 23, 29, 31
What are the prime factors of 3717283?
23, 7027
What are the prime factors of 386359?
17, 22727
List the prime factors of 2876705.
5, 13, 44257
What are the prime factors of 561617?
7, 80231
What are the prime factors of 201709?
201709
List the prime factors of 9157788.
2, 3, 254383
What are the prime factors of 1854792?
2, 3, 31, 277
What are the prime factors of 760996?
2, 190249
What are the prime factors of 2993653?
13, 230281
What are the prime factors of 18978?
2, 3, 3163
List the prime factors of 3122293.
257, 12149
List the prime factors of 6776855.
5, 1355371
What are the prime factors of 5957800?
2, 5, 29789
List the prime factors of 2484.
2, 3, 23
What are the prime factors of 138780?
2, 3, 5, 257
What are the prime factors of 217908?
2, 3, 6053
What are the prime factors of 183898?
2, 11, 13, 643
List the prime factors of 1676795.
5, 17, 19727
What are the prime factors of 44204?
2, 43, 257
What are the prime factors of 3130703?
17, 61, 3019
What are the prime factors of 121856?
2, 7, 17
List the prime factors of 589445.
5, 117889
List the prime factors of 3390582.
2, 3, 13, 17, 2557
List the prime factors of 13261927.
7, 271, 6991
What are the prime factors of 17692168?
2, 13, 311, 547
What are the prime factors of 796276?
2, 13, 15313
List the prime factors of 7288740.
2, 3, 5, 40493
List the prime factors of 16712337.
3, 43, 129553
List the prime factors of 3881884.
2, 191, 5081
What are the prime factors of 4201987?
827, 5081
What are the prime factors of 198558?
2, 3, 3677
What are the prime factors of 272999?
272999
List the prime factors of 34325.
5, 1373
What are the prime factors of 784623?
3, 7, 37363
List the prime factors of 3783265.
5, 17, 47, 947
What are the prime factors of 15425500?
2, 5, 30851
What are the prime factors of 5685406?
2, 643, 4421
List the prime factors of 9843612.
2, 3, 17, 73, 661
List the prime factors of 864516.
2, 3, 72043
List the prime factors of 1836273.
3, 37, 71, 233
List the prime factors of 1565243.
43, 89, 409
What are the prime factors of 187549?
19, 9871
What are the prime factors of 3698024?
2, 11, 42023
What are the prime factors of 1638402?
2, 3, 273067
List the prime factors of 8196394.
2, 173, 23689
What are the prime factors of 5853?
3, 1951
List the prime factors of 488168.
2, 139, 439
List the prime factors of 652132.
2, 13, 12541
What are the prime factors of 1012346?
2, 506173
List the prime factors of 328746.
2, 3, 11, 17, 293
What are the prime factors of 1426925?
5, 57077
List the prime factors of 250563.
3, 17
What are the prime factors of 3068514?
2, 3, 170473
List the prime factors of 1558022.
2, 779011
List the prime factors of 86616.
2, 3, 401
What are the prime factors of 184141?
89, 2069
List the prime factors of 113724.
2, 3, 13
List the prime factors of 1416835.
5, 7, 5783
List the prime factors of 5167404.
2, 3, 11, 13049
What are the prime factors of 17344524?
2, 3, 193, 7489
What are the prime factors of 6384053?
13, 491081
What are the prime factors of 1561842?
2, 3, 31, 311
What are the prime factors of 19635271?
37, 601, 883
What are the prime factors of 2683176?
2, 3, 111799
List the prime factors of 13983543.
3, 7, 241, 307
List the prime factors of 857073.
3, 7, 40813
List the prime factors of 4549565.
5, 41, 22193
List the prime factors of 133492.
2, 23, 1451
What are the prime factors of 9937904?
2, 37, 16787
List the prime factors of 4372216.
2, 37, 14771
What are the prime factors of 104574?
2, 3, 29, 601
List the prime factors of 14420813.
11, 181, 7243
List the prime factors of 25840568.
2, 13, 419, 593
What are the prime factors of 1342287?
3, 149143
List the prime factors of 793764.
2, 3, 17, 1297
List the prime factors of 1781566.
2, 17, 61, 859
List the prime factors of 19429544.
2, 223, 10891
What are the prime factors of 143621?
19, 7559
What are the prime factors of 6766248?
2, 3, 281927
What are the prime factors of 406834?
2, 203417
What are the prime factors of 575341?
13, 44257
What are the prime factors of 2058547?
17, 419
List the prime factors of 2316328.
2, 7, 19, 311
List the prime factors of 258212.
2, 64553
List the prime factors of 121847.
11, 19, 53
List the prime factors of 33232.
2, 31, 67
What are the prime factors of 6183990?
2, 3, 5, 68711
List the prime factors of 16830.
2, 3, 5, 11, 17
List the prime factors of 189551.
37, 47, 109
What are the prime factors of 12599282?
2, 29, 217229
What are the prime factors of 2978522?
2, 1489261
List the prime factors of 4401888.
2, 3, 45853
What are the prime factors of 62567?
19, 37, 89
List the prime factors of 39134638.
2, 23, 850753
What are the prime factors of 153800?
2, 5, 769
List the prime factors of 28412299.
47, 604517
List the prime factors of 22904620.
2, 5, 67, 17093
What are the prime factors of 1758641?
1758641
What are the prime factors of 1957497?
3, 652499
List the prime factors of 4381464.
2, 3, 182561
List the prime factors of 7468656.
2, 3, 13, 11969
List the prime factors of 22411462.
2, 97, 115523
What are the prime factors of 5968282?
2, 2984141
List the prime factors of 308752.
2, 23, 839
List the prime factors of 87286.
2, 19, 2297
List the prime factors of 4695121.
4695121
List the prime factors of 21278327.
7, 3039761
What are the prime factors of 20538?
2, 3, 7, 163
List the prime factors of 3833379.
3, 11, 12907
What are the prime factors of 270399?
3, 173, 521
What are the prime factors of 2164834?
2, 7, 101, 1531
List the prime factors of 3780271.
11, 343661
List the prime factors of 3663825.
3, 5, 11, 4441
List the prime factors of 2268690.
2, 3, 5, 47, 1609
What are the prime factors of 14006678?
2, 7, 23, 43499
List the prime factors of 358387.
443, 809
List the prime factors of 587278.
2, 2936